 Is m a composite number?
False
Let p be 14/63 - (-907)/9. Let b(m) = -332*m + 89 + p - 181. Is b(-7) prime?
True
Let t = -8938 + 25085. Is t a composite number?
True
Let f(o) = -o**3 - 12*o**2 + 17*o. Suppose 2*p - 2*z = -0*p - 34, -3*p = -5*z + 59. Let t be f(p). Is (-1 - t) + -4 + 0 a prime number?
True
Let z(w) be the second derivative of 3 + 29/2*w**2 - 65/3*w**3 + 5*w. Is z(-2) composite?
True
Let l = -817 + 2222. Suppose -5*g = -410 - l. Suppose 6*h - g = 1491. Is h a composite number?
True
Let h = -9288 - -13046. Let o = h - 1579. Is o a composite number?
False
Suppose -4*s + 4*n + 56 = 0, 4*s - n = -0*s + 44. Suppose -29081 = -3*r - s*r. Is r composite?
False
Is (-4)/5 - (-2 - -2 - (-126044116)/(-220)) a composite number?
False
Let x(n) = -29*n**3 - 6*n - 7. Suppose -18 = 4*y + 42. Let j = -17 - y. Is x(j) prime?
False
Let d(j) = 217*j**2 + 17*j - 227. Is d(-21) composite?
True
Let w = 80085 + -48518. Is w prime?
True
Let v(x) = -10*x**2 + 27*x - 18. Let j(y) = -21*y**2 + 55*y - 38. Let h(m) = -4*j(m) + 7*v(m). Is h(-31) composite?
True
Let s(m) = 120*m + 259. Let x(t) = 120*t + 256. Let v(k) = -5*s(k) + 6*x(k). Is v(34) prime?
False
Suppose -4*w = -5*d + 169, -3*d + 0*d - 5*w + 131 = 0. Suppose 6*m - 209 = d. Suppose -v - 3*o = -m, 6*v - 3*v = -3*o + 147. Is v prime?
True
Let t = -20179 - -41097. Let h = -13419 + t. Is h a prime number?
True
Let f = 482 - -90. Suppose f*z - 23644 = 568*z. Is z a composite number?
True
Suppose 6*s + 6*s - 1585872 = 0. Suppose -16*f = -s - 99668. Is f a composite number?
False
Let o = 5197 - 9999. Let v = 950 - o. Suppose 4*s - 4*g - v = -3*g, 4*s + 2*g = 5740. Is s composite?
True
Let q(x) = -2*x + 19 + 6 + 3*x - 4*x + x. Is q(-33) composite?
True
Let i = -255 - -252. Is (55/10 + -7)/(i/8542) prime?
True
Let g = 525 - 523. Suppose -11*r + 7*r = g*z - 73494, -4*z + 36750 = 2*r. Is r a prime number?
False
Suppose 0 = -27*p + 20*p - 119. Let z(s) = -s**2 - 54*s - 66. Is z(p) composite?
False
Let c(w) = w. Let r be c(1). Let j be ((-2)/(-4))/(r/24). Let g(h) = 370*h - 23. Is g(j) a composite number?
True
Let x be ((-28)/12 + 1)*3. Let w be -4*4/(2 + x) + -3. Suppose 0 = 3*b - w*t - 3226, 0 = -0*b + 5*b - 5*t - 5360. Is b composite?
True
Suppose 48*a - 2506790 - 9558671 = 4079483. Is a a composite number?
False
Suppose 208*c = 214*c - 18. Suppose -2343 = -c*m - 3*d, 3*m = 4*m + 3*d - 773. Is m composite?
True
Let a be (10 + -1)/(1 - 2). Let k(r) be the second derivative of r**4/3 + 2*r**3 - 13*r**2/2 - 11016*r. Is k(a) prime?
False
Suppose -3*g + 20 = g. Suppose -192*x + 2096 = 332*x. Suppose 3*s - 2867 = -0*b + 2*b, x*s = -g*b + 3815. Is s a prime number?
False
Let o(j) = -9*j**2 + 25*j**2 - 13 - 13*j**2 + 4*j. Let u be o(-5). Let f = 91 - u. Is f prime?
False
Let o(j) be the first derivative of -460*j**2 + 62*j - 116. Is o(-4) prime?
False
Suppose 6*m + 12*m = 19*m. Suppose 4*t - 3*s + 0*s - 4163 = m, -5*t + 5203 = -4*s. Is t a composite number?
True
Let b = 350771 - -218366. Is b prime?
True
Let d(k) = -550*k - 2. Let z be d(-1). Let m be 0 + (-12)/(-20) + z/(-5). Let j = 222 + m. Is j composite?
False
Let y(s) = 106*s**3 - 3*s**2 - 33*s + 16. Let j be y(7). Suppose -28*b = -32*b + j. Is b composite?
False
Let c(n) = -11*n**3 - 69*n**2 - 5*n - 21. Is c(-20) prime?
False
Suppose 0 = 4*s - 5*p - 153892, -s - 9*p + 38473 = -14*p. Is s a prime number?
False
Let v(m) = 14*m + 112. Let l be v(-7). Is (-20)/2*(-22141)/l a prime number?
False
Is 6*(-2)/(-36)*-6*134667/(-18) prime?
False
Let r(h) = -h**2 - 4*h + 5. Let l be r(-4). Let i(g) = -10*g - 2811*g**2 - 3 - 4 + 5658*g**2 - 2827*g**2. Is i(l) a composite number?
False
Suppose y + 4*m = 108393, 0 = 3*y - 3*m - 223952 - 101167. Is y prime?
True
Let o = 572449 - 268322. Is o a composite number?
False
Suppose 1015983 = 4*y - 66813. Suppose 0 = -44*i + 5*i + y. Is i a composite number?
True
Let p = 4 + -6. Let y(q) = -5*q**2 - 33*q - 71. Let c be y(-13). Is (-17 - c) + -1 + p a composite number?
False
Let v(p) = p**3 + p**2 - 175. Let q be v(0). Let u = 4598 - 5750. Let k = q - u. Is k prime?
True
Let s(z) = -204*z**3 + 8*z**2 - 25*z - 26. Is s(-7) prime?
False
Suppose -38*d - 16*d = -4*d - 4082150. Is d a composite number?
True
Suppose 2*w - b - 21495 = 33180, 0 = 3*w - b - 82013. Is w a prime number?
False
Let s(z) = 251*z**2 - 45*z - 13. Let x = 680 - 671. Is s(x) a composite number?
False
Let w = 1658 + -4091. Let f = w - -4406. Is f a composite number?
False
Suppose 120 = 5*s - 0*s. Suppose -4*w + 0*w - 52 = h, s = -3*w + 3*h. Let l = 79 - w. Is l composite?
True
Suppose 26*s + 5244901 = -16*s + 25853755. Is s a composite number?
True
Let h = -168 + 357. Let k = h + 2918. Is k a prime number?
False
Suppose -53 + 45 = -4*j. Suppose 2*t + 4*o - o - 1 = 0, 0 = t - j*o - 4. Suppose 16 + 397 = t*d + 5*w, -d - 2*w + 204 = 0. Is d composite?
True
Is 67633638/679 - (-5)/(-7) a composite number?
False
Let h(y) = -11*y**3 - y**2 + 8*y - 20. Let z(v) = -2*v**3 - v**2 - v - 1. Let i(r) = h(r) - 5*z(r). Is i(-8) prime?
False
Suppose -3*c + 0*c - u = -40, 0 = -5*c - 3*u + 68. Let i(m) = 13*m**2 - 8*m - 46. Let a be i(c). Suppose 4*b - 397 = a. Is b composite?
True
Let q = 17260 + 107497. Is q composite?
True
Let l(q) be the third derivative of q**6/120 + q**5/5 + q**3/6 - 19*q**2. Let h be l(-12). Is (1394/(-8) + 5)/(h/(-4)) a composite number?
False
Let n = -7545 + 3621. Let p = 6053 + n. Is p a composite number?
False
Let m be 10/((3 + -5)/2). Let n be (5/m)/(1 + 31/(-30)). Suppose -n*p = -9097 - 11168. Is p prime?
False
Let d(o) = -o**2 + 14*o - 27. Let q be d(11). Suppose 3*i = q*l - l + 169, i = -5*l - 177. Is (-7)/(l/10)*(-4498)/(-4) composite?
True
Let u(d) = -15207*d - 524. Is u(-23) a prime number?
False
Let c(t) = 526*t + 2*t**3 - 45*t**2 - 294*t - 25 - 263*t. Is c(24) composite?
True
Let t(h) = -62*h + 23. Let r(y) = -66*y - y - 11*y + 24 + 16*y. Let b(g) = 6*r(g) - 5*t(g). Is b(-9) prime?
True
Suppose 17*s - 14*s + 194527 = h, 5*h - 972563 = -3*s. Is h a composite number?
True
Let r = 202 - 142. Suppose 0 = -r*x + 63*x - 3. Let l(g) = 20*g + 2. Is l(x) prime?
False
Let u(c) = c**3 + 26*c**2 - 27*c + 7. Let a be u(-27). Suppose -2*z = -a*z + 5*v + 2860, 1134 = 2*z - 4*v. Is z composite?
False
Let t be 4 + -6*4/(-24). Is t/(70/4) + 35544/56 a composite number?
True
Let z(t) = 54*t - 15. Let s be z(6). Let u = 264 + s. Is (20/(-6))/(5 - 2867/u) a composite number?
True
Let g(j) = -640*j - 131. Let l be 9/(54/25)*-6. Is g(l) prime?
False
Let f(a) be the third derivative of 0*a + 32*a**2 + 0 + 2/3*a**3 - 1/60*a**6 - 1/30*a**5 - 1/4*a**4. Is f(-3) prime?
False
Let o(m) be the third derivative of -m**6/10 - m**5/60 - m**4/6 + 7*m**3/2 + 2*m**2. Let g be o(5). Let j = g - -3325. Is j a composite number?
False
Let h be -2*(-2 - -1)*(-6 - -1493). Suppose 5*r = 3*u - 0*r - 1764, -3*r + h = 5*u. Is u prime?
True
Let p(f) = -f**3 - f**2 + f + 2413. Let v be (-20)/15 + 8/6. Is p(v) a prime number?
False
Let q = -44 + 49. Let i(w) = -222*w + 23. Let o be i(q). Is 4/2*o/(-2) prime?
True
Suppose -32*v = -15*v. Suppose 3*q - 4*f - 7021 = v, 2*f = -4*q + 3*f + 9357. Is q prime?
True
Let l(q) = -20172*q - 31. Is l(-25) a prime number?
True
Let w be 10/50 - (-5)/(100/147876). Let j = w + -4245. Is j a prime number?
False
Suppose -m + 19*m - 1080 = 0. Suppose m*l = 67*l - 28238. Is l a prime number?
False
Let d = 384914 + 207135. Is d a prime number?
True
Suppose p + 3*j - 73995 = -3*p, 0 = -p + j + 18497. Let t = p + -6485. Is t a composite number?
True
Suppose 3*o - 5 = 2*v, 5*o + 3*v - 35 = o. Let m be 18/4*(-2)/(-5)*o. Suppose m*t + 4334 = 14639. Is t a prime number?
False
Suppose 74*g - 77*g = 2*m - 156559, g = 4*m + 52205. Is g a prime number?
True
Suppose 5*h = 4*w + 99, h - 79 = -3*h + 3*w. Suppose 4*j = -n + 27, h = 3*n + 2*j - 12. Suppose -10*p - n*p + 10727 = 0. Is p prime?
True
Suppose -p + 1055 + 1982 = -3*b, 3*p - 9127 = b. Suppose 2*y + 2*n = 6086, -9*y - p = -10*y + n. Is y prime?
False
Suppose 0 = -0*u + 8*u - 544. Suppose -4*w + 134 = b, -4*b + 5*w = -552 - u. Suppose 0 = -5*o + b - 55. Is o a prime number?
True
Let a = -302117 + 545694. Is a a prime number?
True
Let d(w) = 2708*w**3 + 3*w**2 - 22*w + 2. Is d(3) a prime number?
True
Let a = -4565 + 1840. L